{"id":3401,"date":"2021-06-24T10:57:37","date_gmt":"2021-06-24T10:57:37","guid":{"rendered":"https:\/\/studiomaignan.ovh\/index.php\/home-white-2\/"},"modified":"2024-06-13T11:42:26","modified_gmt":"2024-06-13T09:42:26","slug":"accueil","status":"publish","type":"page","link":"https:\/\/www.studiomaignan.com\/","title":{"rendered":"Accueil"},"content":{"rendered":"<div class=\"wpb-content-wrapper\"><p>[vc_row full_width=\u00a0\u00bbstretch_row_content_no_spaces\u00a0\u00bb][vc_column]<div class=\"banner-area banner-area-5d5fcaff87039 external-indent banner-color-inherit\" data-settings=\"{&quot;loop&quot;:true,&quot;speed&quot;:500,&quot;autoplay&quot;:{&quot;delay&quot;:5000,&quot;disableOnInteraction&quot;:false,&quot;pauseOnMouseEnter&quot;:false},&quot;arrows&quot;:true,&quot;dots&quot;:true,&quot;dots_position&quot;:&quot;right-bottom&quot;,&quot;animation&quot;:&quot;&quot;}\"><div class=\"banner-social-buttons\"><div class=\"links\"><a href=\"https:\/\/www.facebook.com\/Studio-Maignan-349744678498844\/\" class=\"item\" target=_blank\"><i class=\"fab fa-facebook-f\"><\/i><span>Facebook<\/span><\/a><a href=\"https:\/\/www.instagram.com\/photographemaignan?utm_source=ig_web_button_share_sheet&#038;igsh=ZDNlZDc0MzIxNw==\" class=\"item\" target=_blank\"><i class=\"fab fa-instagram\"><\/i><span>Instagram<\/span><\/a><\/div><\/div><div class=\"banner-categories vertical-align-bottom text-align-left\"><div class=\"item\"><a href=\"https:\/\/studiomaignan.ovh\/index.php\/pt-portfolio\/mariage\/\" target=\"_self\" style=\"background-image: url(https:\/\/www.studiomaignan.com\/wp-content\/uploads\/2024\/04\/mariage-37.webp);\"><span><span class=\"num\"><\/span><span class=\"h\">Mariage<\/span><\/span><\/a><\/div><div class=\"item\"><a href=\"https:\/\/studiomaignan.ovh\/index.php\/pt-portfolio\/portrait-exterieur\/\" target=\"_self\" style=\"background-image: url(https:\/\/www.studiomaignan.com\/wp-content\/uploads\/2024\/06\/01-2.jpg);\"><span><span class=\"num\"><\/span><span class=\"h\">Portrait ext\u00e9rieur<\/span><\/span><\/a><\/div><div class=\"item\"><a href=\"https:\/\/studiomaignan.ovh\/index.php\/pt-portfolio\/bebe\/\" target=\"_self\" style=\"background-image: url(https:\/\/www.studiomaignan.com\/wp-content\/uploads\/2024\/06\/03-2.jpg);\"><span><span class=\"num\"><\/span><span class=\"h\">B\u00e9b\u00e9<\/span><\/span><\/a><\/div><div class=\"item\"><a href=\"https:\/\/studiomaignan.ovh\/index.php\/pt-portfolio\/entreprise\/\" target=\"_self\" style=\"background-image: url(https:\/\/www.studiomaignan.com\/wp-content\/uploads\/2024\/01\/02.jpg);\"><span><span class=\"num\"><\/span><span class=\"h\">Entreprise<\/span><\/span><\/a><\/div><div class=\"item\"><a href=\"https:\/\/studiomaignan.ovh\/index.php\/pt-portfolio\/iris\/\" target=\"_self\" style=\"background-image: url(https:\/\/www.studiomaignan.com\/wp-content\/uploads\/2024\/06\/04-2.jpg);\"><span><span class=\"num\"><\/span><span class=\"h\">Iris<\/span><\/span><\/a><\/div><div class=\"item\"><a href=\"https:\/\/studiomaignan.ovh\/index.php\/pt-portfolio\/ventre-rond\/\" target=\"_self\" style=\"background-image: url(https:\/\/www.studiomaignan.com\/wp-content\/uploads\/2024\/06\/06-4.jpg);\"><span><span class=\"num\"><\/span><span class=\"h\">Ventre rond<\/span><\/span><\/a><\/div><div class=\"item\"><a href=\"https:\/\/studiomaignan.ovh\/index.php\/pt-portfolio\/studio\/\" target=\"_self\" style=\"background-image: url(https:\/\/www.studiomaignan.com\/wp-content\/uploads\/2024\/06\/05-2.jpg);\"><span><span class=\"num\"><\/span><span class=\"h\">Studio<\/span><\/span><\/a><\/div><\/div><div class=\"banner-about content\"><div class=\"row\"><div class=\"image col-12 col-md-6\" style=\"background-image: url(https:\/\/www.studiomaignan.com\/wp-content\/uploads\/2024\/04\/Anne-Olivier-Maignan-photographies.webp)\"><\/div><div class=\"text col-12 col-md-6\"><div class=\"wrap\"><div class=\"cell\"><div class=\"image\" style=\"background-image: url(https:\/\/www.studiomaignan.com\/wp-content\/uploads\/2024\/04\/Anne-Olivier-Maignan-photographies.webp)\"><\/div><div class=\"sub-h\">\u00c0 propos<\/div><div class=\"heading-decor\"><h3>STUDIO MAIGNAN<\/h3><\/div><div class=\"text-p\">La boutique est install\u00e9e depuis plus de 40 ans \u00e0 Vitr\u00e9, MAIGNAN Photographies est une entreprise familiale. Nous sommes Olivier et Anne, fr\u00e8re et soeur, et nous vous accueillons au magasin pour immortaliser les moments de votre vie, en studio ou en ext\u00e9rieur...<br \/>\nNous avons \u00e9galement une partie comptoir pour tous vos travaux amateurs, tirages, agrandissements, etc.<\/div><\/div><\/div><\/div><\/div><\/div><div class=\"banner-right-buttons\"><div class=\"cell\"><div class=\"button category\"><span class=\"h\">GALERIES<\/span><span class=\"close\"><i class=\"basic-ui-icon-cancel\"><\/i>Fermer<\/span><\/div><div class=\"button about\"><span class=\"h\">\u00c0 PROPOS<\/span><span class=\"close\"><i class=\"basic-ui-icon-cancel\"><\/i>Fermer<\/span><\/div><\/div><\/div><div class=\"banner banner-5d5fcaff87039  arrows-right-bottom pagination-right-bottom\" style=\" --transition-speed: 2500ms;\"><div class=\"swiper-container\"><div class=\"swiper-wrapper\"><div class=\"item swiper-slide banner-item-5d5fdb0354688 tal black\">\n      <div class=\"bg-image\" style=\"background-image: url(https:\/\/www.studiomaignan.com\/wp-content\/uploads\/2024\/02\/Portrait-enfants.webp)\"><\/div>\n      \n      \n      <div class=\"container\">\n        <div class=\"cell bottom\">\n          <div class=\"heading heading-with-num-type2\">\n        <div class=\"top\">\n          <div class=\"num\"><\/div>\n          \n        <\/div>\n        <h2 class=\"h\">Une s\u00e9ance en studio ?<\/h2>\n      <\/div>\n          \n          \n          \n        <\/div>\n      <\/div>\n    <\/div><div class=\"item swiper-slide banner-item-5d5fde876bb1b tal white\">\n      <div class=\"bg-image\" style=\"background-image: url(https:\/\/www.studiomaignan.com\/wp-content\/uploads\/2024\/02\/Famille.webp)\"><\/div>\n      \n      \n      <div class=\"container\">\n        <div class=\"cell bottom\">\n          <div class=\"heading heading-with-num-type2\">\n        <div class=\"top\">\n          <div class=\"num\"><\/div>\n          \n        <\/div>\n        <h2 class=\"h\">o\u00f9 en ext\u00e9rieur avec<br \/>\nvotre famille ?<\/h2>\n      <\/div>\n          \n          \n          \n        <\/div>\n      <\/div>\n    <\/div><div class=\"item swiper-slide banner-item-5d5fde83e39f2 tal white\">\n      <div class=\"bg-image\" style=\"background-image: url(https:\/\/www.studiomaignan.com\/wp-content\/uploads\/2024\/02\/Mariage.webp)\"><\/div>\n      \n      \n      <div class=\"container\">\n        <div class=\"cell bottom\">\n          <div class=\"heading heading-with-num-type2\">\n        <div class=\"top\">\n          <div class=\"num\"><\/div>\n          \n        <\/div>\n        <h2 class=\"h\">Immortalisez<br \/>\ncette journ\u00e9e !<\/h2>\n      <\/div>\n          \n          \n          \n        <\/div>\n      <\/div>\n    <\/div><\/div><\/div><div class=\"owl-nav\"><div class=\"owl-prev basic-ui-icon-left-arrow\"><\/div><div class=\"owl-next basic-ui-icon-right-arrow\"><\/div><\/div><div class=\"owl-dots\"><\/div><\/div><\/div>[\/vc_column][\/vc_row]<\/p>\n<\/div>","protected":false},"excerpt":{"rendered":"<p>[vc_row full_width=\u00a0\u00bbstretch_row_content_no_spaces\u00a0\u00bb][vc_column][\/vc_column][\/vc_row]<\/p>\n","protected":false},"author":1,"featured_media":0,"parent":0,"menu_order":0,"comment_status":"closed","ping_status":"closed","template":"template-landing.php","meta":{"_acf_changed":false,"footnotes":""},"acf":[],"_links":{"self":[{"href":"https:\/\/www.studiomaignan.com\/index.php\/wp-json\/wp\/v2\/pages\/3401"}],"collection":[{"href":"https:\/\/www.studiomaignan.com\/index.php\/wp-json\/wp\/v2\/pages"}],"about":[{"href":"https:\/\/www.studiomaignan.com\/index.php\/wp-json\/wp\/v2\/types\/page"}],"author":[{"embeddable":true,"href":"https:\/\/www.studiomaignan.com\/index.php\/wp-json\/wp\/v2\/users\/1"}],"replies":[{"embeddable":true,"href":"https:\/\/www.studiomaignan.com\/index.php\/wp-json\/wp\/v2\/comments?post=3401"}],"version-history":[{"count":22,"href":"https:\/\/www.studiomaignan.com\/index.php\/wp-json\/wp\/v2\/pages\/3401\/revisions"}],"predecessor-version":[{"id":4153,"href":"https:\/\/www.studiomaignan.com\/index.php\/wp-json\/wp\/v2\/pages\/3401\/revisions\/4153"}],"wp:attachment":[{"href":"https:\/\/www.studiomaignan.com\/index.php\/wp-json\/wp\/v2\/media?parent=3401"}],"curies":[{"name":"wp","href":"https:\/\/api.w.org\/{rel}","templated":true}]}}